{"id":2517,"date":"2018-02-06T17:08:37","date_gmt":"2018-02-06T20:08:37","guid":{"rendered":"http:\/\/www.clickelectricidad.com.ar\/site\/?page_id=2517"},"modified":"2024-04-29T20:05:23","modified_gmt":"2024-04-29T23:05:23","slug":"bienvenida","status":"publish","type":"page","link":"https:\/\/www.clickelectricidad.com.ar\/site\/","title":{"rendered":"SOMOS CLICK"},"content":{"rendered":"<p>Somos un maxi-mercado de materiales el\u00e9ctricos especializados en la venta y distribuci\u00f3n de luminarias, cableados, porteros el\u00e9ctricos, niveladores de tensi\u00f3n, entre otros muchos productos relacionados con trabajos de electricidad. Contamos con las mejores opciones para usuarios hogare\u00f1os, as\u00ed como propuestas espec\u00edficas para los profesionales en instalaciones el\u00e9ctricas.<\/p>\n","protected":false},"excerpt":{"rendered":"<p>Somos un maxi-mercado de materiales el\u00e9ctricos especializados en la venta y distribuci\u00f3n de luminarias, cableados, porteros el\u00e9ctricos, niveladores de tensi\u00f3n, entre otros muchos productos relacionados con trabajos de electricidad. Contamos con las mejores opciones para usuarios hogare\u00f1os, as\u00ed como propuestas espec\u00edficas para los profesionales en instalaciones el\u00e9ctricas.<\/p>\n","protected":false},"author":1,"featured_media":2963,"parent":0,"menu_order":0,"comment_status":"closed","ping_status":"closed","template":"template-homepage.php","meta":{"_exactmetrics_skip_tracking":false,"_exactmetrics_sitenote_active":false,"_exactmetrics_sitenote_note":"","_exactmetrics_sitenote_category":0,"footnotes":""},"aioseo_notices":[],"_links":{"self":[{"href":"https:\/\/www.clickelectricidad.com.ar\/site\/wp-json\/wp\/v2\/pages\/2517"}],"collection":[{"href":"https:\/\/www.clickelectricidad.com.ar\/site\/wp-json\/wp\/v2\/pages"}],"about":[{"href":"https:\/\/www.clickelectricidad.com.ar\/site\/wp-json\/wp\/v2\/types\/page"}],"author":[{"embeddable":true,"href":"https:\/\/www.clickelectricidad.com.ar\/site\/wp-json\/wp\/v2\/users\/1"}],"replies":[{"embeddable":true,"href":"https:\/\/www.clickelectricidad.com.ar\/site\/wp-json\/wp\/v2\/comments?post=2517"}],"version-history":[{"count":14,"href":"https:\/\/www.clickelectricidad.com.ar\/site\/wp-json\/wp\/v2\/pages\/2517\/revisions"}],"predecessor-version":[{"id":8115,"href":"https:\/\/www.clickelectricidad.com.ar\/site\/wp-json\/wp\/v2\/pages\/2517\/revisions\/8115"}],"wp:featuredmedia":[{"embeddable":true,"href":"https:\/\/www.clickelectricidad.com.ar\/site\/wp-json\/wp\/v2\/media\/2963"}],"wp:attachment":[{"href":"https:\/\/www.clickelectricidad.com.ar\/site\/wp-json\/wp\/v2\/media?parent=2517"}],"curies":[{"name":"wp","href":"https:\/\/api.w.org\/{rel}","templated":true}]}}