{"id":3204,"date":"2020-05-08T11:17:28","date_gmt":"2020-05-08T14:17:28","guid":{"rendered":"https:\/\/www.clickelectricidad.com.ar\/site\/?post_type=product&#038;p=3204"},"modified":"2025-05-22T10:01:50","modified_gmt":"2025-05-22T13:01:50","slug":"portero-electrico-frente-de-embutir-antivandalico","status":"publish","type":"product","link":"https:\/\/www.clickelectricidad.com.ar\/site\/producto\/portero-electrico-frente-de-embutir-antivandalico\/","title":{"rendered":"PORTERO ELECTRICO FRENTE DE EMBUTIR ANTIVANDALICO"},"content":{"rendered":"<p>USO: INTERIOR, EXTERIOR, FRENTE EMBUTIR.<br \/>\nMEDIDAS:<br \/>\nMATERIAL: PL\u00c1STICO FRENTE: ALUMINIO<br \/>\nCOLORES:  BLANCO, ALUMINIO<br \/>\nOPCI\u00d3N: SALIDA PARA PESTILLO EL\u00c9CTRICO<br \/>\nFUNCI\u00d3N: AUDIO, CONEXI\u00d3N PARA PESTILLO EL\u00c9CTRICO<br \/>\nCOMENTARIOS Y SUGERENCIAS:<br \/>\nPLAZO DE ENTREGA: 7 D\u00cdAS<\/p>\n","protected":false},"excerpt":{"rendered":"<p>USO: INTERIOR, EXTERIOR, FRENTE EMBUTIR. MEDIDAS: MATERIAL: PL\u00c1STICO FRENTE: ALUMINIO COLORES: BLANCO, ALUMINIO OPCI\u00d3N: SALIDA PARA PESTILLO EL\u00c9CTRICO FUNCI\u00d3N: AUDIO, CONEXI\u00d3N PARA PESTILLO EL\u00c9CTRICO COMENTARIOS Y SUGERENCIAS: PLAZO DE ENTREGA: 7 D\u00cdAS<\/p>\n","protected":false},"featured_media":3205,"template":"","meta":{"_exactmetrics_skip_tracking":false,"_exactmetrics_sitenote_active":false,"_exactmetrics_sitenote_note":"","_exactmetrics_sitenote_category":0},"product_cat":[198,114],"product_tag":[245,243,244],"aioseo_notices":[],"_links":{"self":[{"href":"https:\/\/www.clickelectricidad.com.ar\/site\/wp-json\/wp\/v2\/product\/3204"}],"collection":[{"href":"https:\/\/www.clickelectricidad.com.ar\/site\/wp-json\/wp\/v2\/product"}],"about":[{"href":"https:\/\/www.clickelectricidad.com.ar\/site\/wp-json\/wp\/v2\/types\/product"}],"wp:featuredmedia":[{"embeddable":true,"href":"https:\/\/www.clickelectricidad.com.ar\/site\/wp-json\/wp\/v2\/media\/3205"}],"wp:attachment":[{"href":"https:\/\/www.clickelectricidad.com.ar\/site\/wp-json\/wp\/v2\/media?parent=3204"}],"wp:term":[{"taxonomy":"product_cat","embeddable":true,"href":"https:\/\/www.clickelectricidad.com.ar\/site\/wp-json\/wp\/v2\/product_cat?post=3204"},{"taxonomy":"product_tag","embeddable":true,"href":"https:\/\/www.clickelectricidad.com.ar\/site\/wp-json\/wp\/v2\/product_tag?post=3204"}],"curies":[{"name":"wp","href":"https:\/\/api.w.org\/{rel}","templated":true}]}}