{"id":3281,"date":"2020-05-11T14:32:07","date_gmt":"2020-05-11T17:32:07","guid":{"rendered":"https:\/\/www.clickelectricidad.com.ar\/site\/producto\/lampara-led-12wtipo-bulbopack-x-5-unidades\/"},"modified":"2022-03-31T17:43:16","modified_gmt":"2022-03-31T20:43:16","slug":"lampara-led-12wtipo-bulbopack-x-5-unidades","status":"publish","type":"product","link":"https:\/\/www.clickelectricidad.com.ar\/site\/producto\/lampara-led-12wtipo-bulbopack-x-5-unidades\/","title":{"rendered":"LAMPARA LED 12WTIPO BULBOPACK x 5 UNIDADES"},"content":{"rendered":"<p>ZOCALO: ROSCA COM\u00daN, EDISON, E27.<br \/>\nMEDIDAS: A60 &#8211; 6 X 12,5 CM<br \/>\nAUTONOM\u00cdA: 3 HS<br \/>\nCOLOR DE LUZ: FR\u00cdA (6500K)<br \/>\nCOMENTARIOS Y SUGERENCIAS: 630 LUMENES (SIMILAR A 55W)<br \/>\nPLAZO DE ENTREGA: 24 HS<\/p>\n","protected":false},"excerpt":{"rendered":"<p>ZOCALO: ROSCA COM\u00daN, EDISON, E27. MEDIDAS: A60 &#8211; 6 X 12,5 CM AUTONOM\u00cdA: 3 HS COLOR DE LUZ: FR\u00cdA (6500K) COMENTARIOS Y SUGERENCIAS: 630 LUMENES (SIMILAR A 55W) PLAZO DE ENTREGA: 24 HS<\/p>\n","protected":false},"featured_media":3352,"template":"","meta":{"_exactmetrics_skip_tracking":false,"_exactmetrics_sitenote_active":false,"_exactmetrics_sitenote_note":"","_exactmetrics_sitenote_category":0},"product_cat":[313,108],"product_tag":[252,251,253],"aioseo_notices":[],"_links":{"self":[{"href":"https:\/\/www.clickelectricidad.com.ar\/site\/wp-json\/wp\/v2\/product\/3281"}],"collection":[{"href":"https:\/\/www.clickelectricidad.com.ar\/site\/wp-json\/wp\/v2\/product"}],"about":[{"href":"https:\/\/www.clickelectricidad.com.ar\/site\/wp-json\/wp\/v2\/types\/product"}],"wp:featuredmedia":[{"embeddable":true,"href":"https:\/\/www.clickelectricidad.com.ar\/site\/wp-json\/wp\/v2\/media\/3352"}],"wp:attachment":[{"href":"https:\/\/www.clickelectricidad.com.ar\/site\/wp-json\/wp\/v2\/media?parent=3281"}],"wp:term":[{"taxonomy":"product_cat","embeddable":true,"href":"https:\/\/www.clickelectricidad.com.ar\/site\/wp-json\/wp\/v2\/product_cat?post=3281"},{"taxonomy":"product_tag","embeddable":true,"href":"https:\/\/www.clickelectricidad.com.ar\/site\/wp-json\/wp\/v2\/product_tag?post=3281"}],"curies":[{"name":"wp","href":"https:\/\/api.w.org\/{rel}","templated":true}]}}